{"id":1827,"date":"2023-11-17T11:32:15","date_gmt":"2023-11-17T04:32:15","guid":{"rendered":"https:\/\/adavietnamm.brandinfo.vn\/?page_id=1827"},"modified":"2024-09-06T09:40:52","modified_gmt":"2024-09-06T02:40:52","slug":"gioi-thieu","status":"publish","type":"page","link":"https:\/\/adavietnam.com\/books\/gioi-thieu\/","title":{"rendered":"Gi\u1edbi thi\u1ec7u"},"content":{"rendered":"\t<section class=\"section\" id=\"section_924116721\">\n\t\t<div class=\"bg section-bg fill bg-fill  bg-loaded\" >\n\n\t\t\t\n\t\t\t\n\t\t\t\n\n\t\t<\/div>\n\n\t\t\n\n\t\t<div class=\"section-content relative\">\n\t\t\t\n\n  <div class=\"banner has-hover is-full-height\" id=\"banner-608773985\">\n          <div class=\"banner-inner fill\">\n        <div class=\"banner-bg fill\" >\n            <div class=\"bg fill bg-fill \"><\/div>\n                        <div class=\"overlay\"><\/div>            \n                    <\/div>\n\t\t\n        <div class=\"banner-layers container\">\n            <div class=\"fill banner-link\"><\/div>            \n   <div id=\"text-box-2067244259\" class=\"text-box banner-layer x50 md-x50 lg-x50 y75 md-y75 lg-y75 res-text\">\n                                <div class=\"text-box-content text dark\">\n              \n              <div class=\"text-inner text-center\">\n                  \n\t<div id=\"text-3500358525\" class=\"text\">\n\t\t\n<h2>GI\u1edaI THI\u1ec6U <\/h2>\n\t\t\n<style>\n#text-3500358525 {\n  font-size: 0.75rem;\n  color: rgb(255,255,255);\n}\n#text-3500358525 > * {\n  color: rgb(255,255,255);\n}\n<\/style>\n\t<\/div>\n\t\n\t<div id=\"text-535412977\" class=\"text\">\n\t\t\n<p style=\"overflow-y: scroll; height: 200px; text-align: justify;\">\nT\u1eeb x\u01b0a \u0111\u1ebfn nay, qu\u00e1 tr\u00ecnh ph\u00e1t tri\u1ec3n c\u1ee7a ki\u1ebfn tr\u00fac lu\u00f4n g\u1eafn li\u1ec1n v\u1edbi chi\u1ec1u d\u00e0i l\u1ecbch s\u1eed c\u1ee7a nh\u00e2n lo\u1ea1i. Ki\u1ebfn tr\u00fac \u0111\u01b0\u1ee3c coi l\u00e0 t\u1ea5m g\u01b0\u01a1ng ph\u1ea3n \u00e1nh ch\u00e2n th\u1ef1c nh\u1ea5t v\u1ec1 th\u1eddi \u0111\u1ea1i, \u0111\u1eb7c bi\u1ec7t l\u00e0 s\u1ef1 ph\u00e1t tri\u1ec3n v\u1ec1 v\u0103n ho\u00e1, kinh t\u1ebf &#8211; x\u00e3 h\u1ed9i c\u1ee7a m\u1ed9t \u0111\u1ea5t n\u01b0\u1edbc.<br \/>Ch\u00fang ta \u0111ang s\u1ed1ng \u1edf th\u1eddi k\u1ef3 Vi\u1ec7t Nam t\u1eebng b\u01b0\u1edbc \u0111\u1ed5i m\u1edbi m\u1ed7i ng\u00e0y. M\u1ed9t Vi\u1ec7t Nam v\u1edbi s\u1ef1 ph\u00e1t tri\u1ec3n &#8220;th\u1ea7n t\u1ed1c&#8221; th\u1ec3 hi\u1ec7n r\u1ea5t r\u00f5 qua t\u1ed1c \u0111\u1ed9 ph\u00e1t tri\u1ec3n \u0111\u00f4 th\u1ecb v\u00e0 c\u00e1c c\u00f4ng tr\u00ecnh ki\u1ebfn tr\u00fac. Tuy nhi\u00ean song song v\u1edbi t\u1ed1c \u0111\u1ed9c ph\u00e1t tri\u1ec3n \u0111\u00f3, n\u1ebfu nh\u01b0 kh\u00f4ng \u0111\u01b0\u1ee3c qu\u1ea3n l\u00fd t\u1ed1t s\u1ebd \u0111\u1ec3 l\u1ea1i nh\u1eefng h\u1eadu qu\u1ea3 kh\u00f4n l\u01b0\u1eddng.<br \/>V\u00ec v\u1eady v\u1edbi mong mu\u1ed1n g\u00f3p m\u1ed9t ph\u1ea7n nh\u1ecf v\u00e0o vi\u1ec7c c\u1ea3i thi\u1ec7n h\u00ecnh \u1ea3nh c\u1ee7a \u0111\u1ea5t n\u01b0\u1edbc v\u1ec1 v\u0103n ho\u00e1, x\u00e3 h\u1ed9i v\u00e0 con ng\u01b0\u1eddi, C\u00f4ng ty C\u1ed5 ph\u1ea7n T\u01b0 v\u1ea5n thi\u1ebft k\u1ebf ADA v\u00e0 c\u1ed9ng s\u1ef1 (ADA Vi\u1ec7t Nam) \u0111\u01b0\u1ee3c th\u00e0nh l\u1eadp t\u1eeb th\u00e1ng 01 n\u0103m 2010. Ti\u1ec1n th\u00e2n v\u0103n ph\u00f2ng l\u00e0 chi nh\u00e1nh t\u1ea1i Vi\u1ec7t Nam c\u1ee7a V\u0103n ph\u00f2ng Ki\u1ebfn tr\u00fac Dubosc v\u00e0 c\u1ed9ng s\u1ef1 (Atelier Dubosc et Associ\u00e9s) th\u00e0nh l\u1eadp n\u0103m 1973 t\u1ea1i Paris, Ph\u00e1p.<br \/>Ch\u00fang t\u00f4i quan ni\u1ec7m con ng\u01b0\u1eddi l\u00e0 y\u1ebfu t\u1ed1 quan tr\u1ecdng nh\u1ea5t v\u00e0 l\u00e0 ch\u00eca kh\u00f3a t\u1ea1o n\u00ean m\u1ecdi th\u00e0nh c\u00f4ng. Do \u0111\u00f3, \u0111\u1ed9i ng\u0169 c\u1ee7a ch\u00fang t\u00f4i g\u1ed3m c\u00e1c ki\u1ebfn tr\u00fac s\u01b0, k\u1ef9 s\u01b0 t\u1ed1t nghi\u1ec7p ti\u1ebfn s\u0129, th\u1ea1c s\u0129 trong v\u00e0 ngo\u00e0i n\u01b0\u1edbc, c\u00f3 tr\u00ecnh \u0111\u1ed9 chuy\u00ean m\u00f4n cao, d\u00e0y d\u1eb7n kinh nghi\u1ec7m, t\u00e1c phong l\u00e0m vi\u1ec7c chuy\u00ean nghi\u1ec7p.<!--more--><br \/>Trong su\u1ed1t qu\u00e1 tr\u00ecnh ph\u00e1t tri\u1ec3n, ch\u00fang t\u00f4i lu\u00f4n t\u1eadp trung v\u00e0o ba tri\u1ebft l\u00fd thi\u1ebft k\u1ebf ch\u1ee7 \u0111\u1ea1o: Th\u1ee9 nh\u1ea5t: Ki\u1ebfn tr\u00fac kh\u00f4ng ch\u1ec9 l\u00e0 m\u1ed9t c\u00f4ng tr\u00ecnh x\u00e2y d\u1ef1<!--more-->ng, ki\u1ebfn tr\u00fac mang \u00fd ngh\u0129a \u0111\u1eb7c bi\u1ec7t ph\u1ea3n \u00e1nh v\u1ec1 b\u1ed9 m\u1eb7t, v\u1ec1 th\u1eddi k\u1ef3, v\u1ec1 v\u0103n h\u00f3a, v\u1ec1 th\u1ec3 ch\u1ebf ch\u00ednh tr\u1ecb c\u1ee7a m\u1ed9t x\u00e3 h\u1ed9i, m\u1ed9t \u0111\u1ea5t n\u01b0\u1edbc. Th\u1ee9 hai: ki\u1ebfn tr\u00fac l\u00e0 C\u00c1I \u0110\u1eb8P v\u1ec1 k\u1ebft c\u1ea5u, v\u1ec1 c\u00f4ng ngh\u1ec7 x\u00e2y d\u1ef1ng, v\u1ec1 v\u1eadt li\u1ec7u, nh\u1eefng \u0111i\u1ec1u n\u00e0y \u0111\u1eb7c bi\u1ec7t ph\u1ea3n \u00e1nh t\u00ednh th\u1eddi \u0111\u1ea1i trong \u0111\u00f3.Th\u1ee9 ba: ki\u1ebfn tr\u00fac ph\u1ea3i ph\u00f9 h\u1ee3p v\u1edbi b\u1ed1i c\u1ea3nh chung quanh, l\u00e0 m\u1ed9t th\u00e0nh t\u1ed1 \u0111\u1ec3 l\u00e0m n\u1ed5i b\u1eadt c\u00e1c y\u1ebfu t\u1ed1 b\u1ea3n \u0111\u1ecba.<br \/>Ch\u00ednh v\u00ec v\u1eady, Ch\u00fang t\u00f4i tin r\u1eb1ng, m\u1ed7i m\u1ed9t c\u00f4ng tr\u00ecnh c\u1ee7a ADA d\u00f9 v\u1edbi quy m\u00f4 nh\u1ecf hay l\u1edbn \u0111\u1ec1u mang m\u1ed9t nh\u01b0ng \u00fd ngh\u0129a nh\u1ea5t \u0111\u1ecbnh v\u1edbi b\u1ed1i c\u1ea3nh.<br \/>V\u1edbi b\u1ec1 d\u00e0y h\u01a1n 30 n\u0103m kinh nghi\u1ec7m, tr\u00ean hai l\u0129nh v\u1ef1c ch\u00ednh l\u00e0 quy ho\u1ea1ch \u0111\u00f4 th\u1ecb v\u00e0 ki\u1ebfn tr\u00fac c\u00f4ng tr\u00ecnh c\u00f9ng v\u1edbi \u0111a d\u1ea1ng th\u1ec3 lo\u1ea1i: c\u00f4ng tr\u00ecnh nh\u00e0 \u1edf, c\u00f4ng c\u1ed9ng, c\u00f4ng tr\u00ecnh ngh\u1ec9 d\u01b0\u1ee1ng, c\u00f4ng tr\u00ecnh h\u00e0nh ch\u00ednh&#8230; v\u0103n ph\u00f2ng ADA v\u00e0 \u0111\u01b0\u1ee3c nhi\u1ec1u ch\u1ee7 \u0111\u1ea7u t\u01b0 l\u1edbn \u0111\u1eb7t ni\u1ec1m tin, v\u00e0 \u0111\u00e3 \u0111\u1ea1t \u0111\u01b0\u1ee3c nhi\u1ec1u gi\u1ea3i th\u01b0\u1edfng uy t\u00edn trong v\u00e0 ngo\u00e0i n\u01b0\u1edbc.<\/p>\n\t\t\n<style>\n#text-535412977 {\n  font-size: 1rem;\n  color: rgb(255,255,255);\n}\n#text-535412977 > * {\n  color: rgb(255,255,255);\n}\n<\/style>\n\t<\/div>\n\t\n              <\/div>\n           <\/div>\n                            \n<style>\n#text-box-2067244259 .text-box-content {\n  background-color: rgba(255, 255, 255, 0.3);\n  font-size: 85%;\n}\n#text-box-2067244259 .text-inner {\n  padding: 10px 0px 0px 0px;\n}\n#text-box-2067244259 {\n  width: 79%;\n}\n<\/style>\n    <\/div>\n \n        <\/div>\n      <\/div>\n\n            \n<style>\n#banner-608773985 {\n  padding-top: 100%;\n}\n#banner-608773985 .bg.bg-loaded {\n  background-image: url(https:\/\/adavietnam.com\/books\/wp-content\/uploads\/2023\/12\/GT.jpg);\n}\n#banner-608773985 .overlay {\n  background-color: rgba(0,0,0,.5);\n}\n#banner-608773985 .ux-shape-divider--top svg {\n  height: 150px;\n  --divider-top-width: 100%;\n}\n#banner-608773985 .ux-shape-divider--bottom svg {\n  height: 150px;\n  --divider-width: 100%;\n}\n<\/style>\n  <\/div>\n\n\n\t\t<\/div>\n\n\t\t\n<style>\n#section_924116721 {\n  padding-top: 0px;\n  padding-bottom: 0px;\n}\n#section_924116721 .ux-shape-divider--top svg {\n  height: 150px;\n  --divider-top-width: 100%;\n}\n#section_924116721 .ux-shape-divider--bottom svg {\n  height: 150px;\n  --divider-width: 100%;\n}\n<\/style>\n\t<\/section>\n\t\n","protected":false},"excerpt":{"rendered":"<p>T\u1eeb x\u01b0a \u0111\u1ebfn nay, qu\u00e1 tr\u00ecnh ph\u00e1t tri\u1ec3n c\u1ee7a ki\u1ebfn tr\u00fac lu\u00f4n g\u1eafn li\u1ec1n v\u1edbi chi\u1ec1u d\u00e0i l\u1ecbch s\u1eed c\u1ee7a nh\u00e2n lo\u1ea1i. Ki\u1ebfn tr\u00fac \u0111\u01b0\u1ee3c coi l\u00e0 t\u1ea5m g\u01b0\u01a1ng ph\u1ea3n \u00e1nh ch\u00e2n th\u1ef1c nh\u1ea5t v\u1ec1 th\u1eddi \u0111\u1ea1i, \u0111\u1eb7c bi\u1ec7t l\u00e0 s\u1ef1 ph\u00e1t tri\u1ec3n v\u1ec1 v\u0103n ho\u00e1, kinh t\u1ebf &#8211; x\u00e3 h\u1ed9i c\u1ee7a m\u1ed9t \u0111\u1ea5t n\u01b0\u1edbc.Ch\u00fang&#8230;<\/p>\n","protected":false},"author":1,"featured_media":0,"parent":0,"menu_order":0,"comment_status":"closed","ping_status":"closed","template":"page-blank.php","meta":{"footnotes":""},"class_list":["post-1827","page","type-page","status-publish","hentry"],"jetpack_sharing_enabled":true,"_links":{"self":[{"href":"https:\/\/adavietnam.com\/books\/wp-json\/wp\/v2\/pages\/1827"}],"collection":[{"href":"https:\/\/adavietnam.com\/books\/wp-json\/wp\/v2\/pages"}],"about":[{"href":"https:\/\/adavietnam.com\/books\/wp-json\/wp\/v2\/types\/page"}],"author":[{"embeddable":true,"href":"https:\/\/adavietnam.com\/books\/wp-json\/wp\/v2\/users\/1"}],"replies":[{"embeddable":true,"href":"https:\/\/adavietnam.com\/books\/wp-json\/wp\/v2\/comments?post=1827"}],"version-history":[{"count":0,"href":"https:\/\/adavietnam.com\/books\/wp-json\/wp\/v2\/pages\/1827\/revisions"}],"wp:attachment":[{"href":"https:\/\/adavietnam.com\/books\/wp-json\/wp\/v2\/media?parent=1827"}],"curies":[{"name":"wp","href":"https:\/\/api.w.org\/{rel}","templated":true}]}}